de i?
True
Suppose 0*w + 5*w + 100 = 0. Suppose 0 = -c + 6*c + 135. Let p = w - c. Is p a multiple of 3?
False
Let u be 2*(-2)/((-8)/58). Let a(t) = t**3 - 6*t**2 + 3*t - 1. Let w be a(4). Let r = u + w. Is r a multiple of 8?
True
Suppose -5*s + 5*k = -11610, 2397 = -4*s + 3*k + 11687. Is s a multiple of 37?
False
Suppose 96 = y + 2*n, 5*y - 294 = -5*n + 171. Is y a multiple of 10?
True
Does 12 divide (-65398)/(-399) - (-6)/63?
False
Let a = 1860 + 57. Is 71 a factor of a?
True
Let q(p) = -p**3 - 19*p**2 + 20*p + 25. Suppose -7*k - 83 = 57. Is 5 a factor of q(k)?
True
Let j be (30 - 1)/((-3)/39). Let m = 591 + j. Suppose m + 81 = 5*y. Is 18 a factor of y?
False
Suppose -696 - 432 = -4*g. Is g a multiple of 16?
False
Let b = 19 + -27. Let h = 9 + b. Is 21 a factor of (0 - (0 - h))*63?
True
Let v = -89 + 89. Suppose v = -s - 0*s + 229. Is s a multiple of 25?
False
Let g be 0/((-10)/(-8) - (-5)/(-20)). Let j(x) = -x**2 - 5*x - 4. Let h be j(-4). Suppose -3*b - 2*d + 74 = h, g = 5*d - 0*d + 10. Is b a multiple of 11?
False
Let p(c) = -7 - 2*c - 2*c - c + c. Suppose -2 + 22 = -5*h. Is p(h) a multiple of 7?
False
Let q(k) = -58*k - 2. Let w be q(-2). Suppose -2*n = 5*v + 87, 0*n + 2*n = v - 93. Let x = w + n. Is 19 a factor of x?
False
Let v(q) = 2*q - 1. Let h be v(-2). Let l = -155 + 5. Is (3/h)/(5/l) a multiple of 6?
True
Let t be (8/6)/(1/3). Suppose t*d + 3*m = -27, 7 = -2*d - 2*m - 5. Is (-15 - -5)*d/2 a multiple of 15?
True
Let c(t) = t**3 - 13*t**2 + 8*t - 7. Let s be c(11). Let m = s + 106. Let o = 14 - m. Does 9 divide o?
False
Let t(y) = -4*y**3 + 3*y**2 - y + 3. Let q be t(3). Let g = q + 142. Suppose 6*k + g = 433. Does 31 divide k?
True
Let o be 12021/9 + 1/3. Let x be o/16 + (-2)/(-4). Suppose 5*l = 2*l - 5*t + 54, -x = -3*l + 5*t. Does 16 divide l?
False
Let b(d) = 212*d**2 + 35*d + 5. Is b(3) a multiple of 85?
False
Suppose t = s - 4, 2*s = -2*t - 2*s - 8. Let y(o) = -o + 5. Let p be y(-4). Is (5 - 1)/t + p a multiple of 3?
False
Suppose 7*c - 87 = 4*c. Is c a multiple of 29?
True
Suppose 15*p - 25*p = -180. Let c = 271 - p. Is 23 a factor of c?
True
Suppose 20 = 2*g - g + 4*h, -4 = -h. Suppose 0 = g*t - k - 8, 3 = t + 5*k + 1. Let p(r) = 9*r**2 + 2*r + 1. Is 19 a factor of p(t)?
False
Let a be 3072/42 + 1*2/(-14). Let o = -66 + a. Is 3 a factor of o?
False
Suppose 4*f + 14*f - 29700 = 0. Is f a multiple of 75?
True
Let t(c) = -c**2 + 10*c + 3. Does 8 divide t(7)?
True
Let g(r) = 11*r**2 + 7*r**3 - 6*r**3 - 19 + 1 - 31*r. Is g(-12) a multiple of 30?
True
Suppose -l - 348 = -4*z, -14*z + 4*l + 248 = -11*z. Does 11 divide z?
True
Let c(g) = 6*g**2 + 5*g - 147. Is c(16) a multiple of 12?
False
Suppose 4*i - 1635 = -3*r, 89*i = 85*i - 2*r + 1634. Is i a multiple of 68?
True
Let w = 191 - -241. Is 12 a factor of w?
True
Let s(p) = 9*p**2 - 8*p - 7. Let t be s(-2). Let w = t - 26. Is w a multiple of 4?
False
Let k = -16 - 9. Let r = 27 + k. Suppose o + 5*w - 20 = 3*w, r*w = 2. Is o a multiple of 6?
True
Suppose 2*z = -0*z - 44. Suppose -3*n - 141 = -3*u, 183 = -5*n + 3*u - 58. Let f = z - n. Is f a multiple of 28?
True
Suppose 4*t - 5*x - 88 = 0, 2*t + 2*x - 5*x - 46 = 0. Let s = t - 7. Is 3 a factor of s?
False
Suppose -b + 2 = 2*d, 3*d - 2 = 2*b + 4*d. Let u(o) = -13 + 2*o + 6*o**3 + 4*o**2 - 5*o**3 + 11. Is 2 a factor of u(b)?
True
Let w(s) = 3*s - 38. Let j = 66 + -47. Is 3 a factor of w(j)?
False
Suppose -l = -5 + 3. Suppose -j = l*k + 4*j - 70, -5*k + 5*j + 175 = 0. Does 5 divide k?
True
Suppose 0 = -8*p + 5*p - 471. Let n = 71 + p. Is (-6)/4 + n/(-4) a multiple of 10?
True
Suppose 8 = u + 3. Suppose -16 = 4*t - u*t. Is 16 a factor of t?
True
Let o be 0*((-8)/(-4) - 1). Let s(h) = -3 + 15 + 5*h - 4*h. Is 5 a factor of s(o)?
False
Let s(y) = -y**3 - 3*y**2 + y + 6. Let r be s(-3). Suppose r*o + 65 = -19. Let q = 8 - o. Is 18 a factor of q?
True
Let s(g) = g**3 - 16*g**2 + 15*g + 14. Let f be ((-30)/(-25))/(4/10). Suppose 6*i = f*i + 45. Is s(i) a multiple of 9?
False
Let c(d) = d + 28. Let i be c(8). Suppose -53*q + 55*q = i. Is 2 a factor of q?
True
Suppose 4*r = -2*g + 7*g + 2725, 0 = -5*r - 5*g + 3350. Does 7 divide r?
False
Let b = -304 - -693. Does 30 divide b?
False
Suppose 0*g - x = -g + 475, -2*g + 3*x = -945. Does 44 divide g?
False
Suppose -1 = 2*d + 139. Let v = 130 + d. Is 12 a factor of v?
True
Suppose 7*c - 8*c = -171. Is c a multiple of 25?
False
Is (-4 + (-175)/14)/((-2)/12) a multiple of 2?
False
Let v be (2 + (-12)/4)*-7. Suppose v + 1 = 2*r, 3*i - 197 = r. Let b = i - 46. Is 7 a factor of b?
True
Let n = 78 - 62. Let m(h) = h**2 + 5*h + 1. Let k be m(-7). Suppose -n = -19*a + k*a. Is a even?
True
Let i(q) be the first derivative of -9*q + 1/3*q**3 - 4 - 5/2*q**2. Is 20 a factor of i(12)?
False
Let t(y) = -y**2 - 24*y - 16. Suppose -12 + 4 = k. Is 14 a factor of t(k)?
True
Suppose 0 = 2*n - s - 633, -n - 195 = -3*s - 499. Is n a multiple of 17?
False
Is 21 a factor of (25064/(-16))/13*-2?
False
Suppose 2*k = 5*q + 57 - 18, -2*q = -4*k + 54. Suppose 62 = k*b - 226. Is b a multiple of 8?
True
Suppose 0 = 19*v - 606 - 534. Does 6 divide v?
True
Let r = -159 - -225. Is 9 a factor of (-5 - -2) + 1*r?
True
Let r(d) = 9*d**2 - 3*d + 4. Let f be r(2). Let v = 79 - f. Is v a multiple of 11?
False
Let z(p) = -p**3 + 15*p**2 + 2*p + 170. Is z(14) a multiple of 23?
False
Let v(u) = 337*u - 700. Is v(3) a multiple of 3?
False
Let r(b) = -b**2 + 6*b + 7. Suppose 2*s - 3*s + 23 = 0. Let j = -17 + s. Does 3 divide r(j)?
False
Is 20 a factor of (18 - 15) + 19*17?
False
Suppose 2*u = -0*y - 2*y + 538, -3*u + 1347 = 5*y. Is y a multiple of 6?
True
Let r = 61 - 35. Let p(a) = -a - 7. Let w be p(-7). Suppose w = -11*t + 10*t + r. Is 9 a factor of t?
False
Let m(j) = -2 + 4*j + 0 + 10*j**2 + 2*j + 8 - j**3. Does 18 divide m(10)?
False
Suppose 4*b - 467 - 695 = -2*l, -5*l + 2*b = -2929. Does 4 divide l?
False
Let m(l) = -5*l + 28. Let k be m(7). Let a = 13 + k. Is 5 a factor of a?
False
Suppose 3 = -3*v + 3*w, -3*v - 5*w + 6*w + 7 = 0. Suppose -3*y - v*c + 7 = -4, 4*y = 3*c + 23. Is 2 a factor of y?
False
Let j = -5707 - -8125. Is j a multiple of 31?
True
Suppose 3*v + 3 - 59 = 4*f, 4*v - f = 92. Let c be ((-52)/(-16))/(3/v). Let m = -12 + c. Is 14 a factor of m?
True
Let d = -350 + 1563. Suppose -107 - d = -6*n. Does 22 divide n/3 - 26/(-39)?
False
Let v be (-45)/(-12) - (-1 + 3/4). Is 36 a factor of (2/v)/1 - (-430)/4?
True
Suppose 1341 + 749 = 22*g. Does 19 divide g?
True
Let v(q) be the second derivative of -q**5/10 - 5*q**4/6 - 2*q**3 - 2*q**2 + 3*q + 7. Is 14 a factor of v(-5)?
True
Let g(q) = -15*q**2 + q. Let c be g(1). Does 35 divide 72 + (0 - -1)*c/7?
True
Suppose -4*b + 5 = -23. Suppose 5*y = -b - 73. Is -9*4/y*8 a multiple of 9?
True
Is 1*-66*(-4473)/126 a multiple of 11?
True
Let k be (-6)/4*98/(-21). Suppose 212 = -3*m + k*m. Is m a multiple of 24?
False
Let a = 227 - 83. Is a a multiple of 16?
True
Let v = -247 + 347. Suppose -3*d = 5*f - 357, 5*d = -f - v + 717. Does 9 divide 22/77 + d/7?
True
Suppose 51 = -2*k - 173. Let u = -83 - k. Is u a multiple of 20?
False
Suppose 4*x - 3 = 1, 14 = 3*y - 4*x. Suppose -20 = -y*f + 4*f. Is f a multiple of 5?
True
Is (12/(-10))/((-63)/70)*309 a multiple of 18?
False
Let a be (-12)/(-15) - (812/(-10) + 2). Let w be (26 - 1)/((-2)/4). Let v = a + w. Does 30 divide v?
True
Let c = 3117 + -2541. Does 24 divide c?
True
Let u(b) = -b**3 + 13*b**2 - 14*b - 1. Suppose 4*o = 4*h - 36, -4*h = -0*h + 2*o - 48. Does 11 divide u(h)?
False
Let f be -170*(18/(-30))/(9/6). Let p = f + -48. Is 10 a factor of p?
True
Is (-803)/(-55) - ((-4)/5)/2 a multiple of 3?
True
Let m(l) = 3*l**3 - 8*l**2 - 9*l - 4. Let h(w) = -3*w**3 + 9*w**2 + 10*w + 4. Let c(z) = -4*h(z) - 5*m(z). Is c(-2) a multiple of 17?
True
Suppose 0 = 3*s - y - 4*y - 84, -s - y + 36 = 0. Is 21 a factor of s?
False
Let r(x) be the second derivative of 7*x**2 + 1/6*x**3 + 0 + 1/12*x**4 - 8*x. Is 10 a factor of r(7)?
True
Let v = 25 - 20. Suppose v*y - 348 = y. Is y a multiple of 12?
False
Suppose 3*v = 2*f + 1, 5*v - f - f - 3 = 0. Let y(t) = -6*t**3 - 1. Let m be y(v). Is 2 a factor of ((-105)/6)/m*2?
False
Let t = -4 + 11. Suppose 3*i = t*i - 1496. Suppose -2*v = -3*u - 0*u + 232, -3*v + i = 5*u. Is 19 a factor of u?
True
Let l(q) = 1